factor of k and 3?
3
Let k be 108/9*46/4. Let s be -460*((-28)/35)/2. Calculate the greatest common factor of s and k.
46
Let k be ((-15054)/1737)/(1/(-27)). What is the greatest common factor of k and 459?
9
Suppose 5*j - 46 = o + 117, -4*j + 5*o = -143. Suppose 12 - 3 = 3*h. Let r be ((-4)/5)/(h/(-15)). Calculate the greatest common factor of r and j.
4
Suppose 4*q = -4*s + 4, -4*s + 2*s + 4 = 3*q. Let o(x) = 7*x - 6*x**2 + x**q + x**3 - 5*x. Let f be o(7). Calculate the greatest common factor of f and 14.
14
Let h be (-3)/1*4/(-3). Suppose -6*y = -3*f - 4*y - 899, -5*y + 902 = -3*f. Let z = f + 303. Calculate the highest common divisor of z and h.
4
Let c be 23*(468 + 6 + -2). What is the highest common divisor of c and 23?
23
Suppose 4*o + 634 - 97 = t, -5*t + 2666 = -o. Calculate the highest common divisor of 451 and t.
41
Let n = -10735 - -10935. What is the highest common divisor of n and 32?
8
Let p be (-1)/(-2) - 10/(100/(-15)). Suppose -2*d = 3*i - 2*i - 65, -142 = -4*d + p*i. Suppose 0*o = -5*o + 85. What is the greatest common divisor of o and d?
17
Let n be 24/84 - (-430)/14. Suppose -66*u + 12 = -63*u. Calculate the greatest common factor of u and n.
1
Let m be ((-2)/8)/(50/(-600)). Suppose -9*v - 2*g + 136 = -6*v, 0 = m*g - 15. What is the greatest common divisor of 154 and v?
14
Suppose -3*z = -34*g + 29*g - 52, -z - 5*g = -24. Let c = -28 + 31. Calculate the greatest common factor of z and c.
1
Let f(y) = -262*y + 920. Let z be f(3). What is the highest common factor of z and 4891?
67
Let u be (-4 - -104) + (-4 - -2 - 3). What is the highest common divisor of u and 1406?
19
Let y = 710 + -708. Suppose -15*l = 5*c - 11*l - 48, -42 = -4*c - y*l. What is the highest common divisor of c and 228?
12
Let i = -2265 + 2379. Calculate the greatest common factor of 1425 and i.
57
Suppose q = -3, -1819 = -5*s + 3*q + 750. Calculate the highest common factor of 576 and s.
64
Suppose -4*j - 13*q + 2680 = -11*q, -2*q = -j + 675. What is the highest common factor of 305 and j?
61
Let o = -25 - -28. Suppose -o - 11 = -2*t - i, 4*t - 24 = -4*i. Let d be 2/(-1)*(-52)/13. Calculate the highest common factor of t and d.
8
Let y = 9 - 13. Let g be y/((-32)/2) + 45/12. Suppose 2*u - g*v - 144 = 0, 0*u - 4*v - 208 = -3*u. What is the greatest common factor of 8 and u?
8
Suppose -3*p - 1430 = -4*d, 2*d + 292 = 3*p + 998. Calculate the highest common divisor of 8507 and d.
181
Let b be (-8)/(-32) - (-332)/32*2. Let u be 0 - (12 + (0 - 2)). Let t = u + b. Calculate the greatest common factor of t and 1.
1
Suppose 53*x - 25872 = -3*x. Calculate the highest common factor of x and 792.
66
Let k be (-22)/(-1) - 287/41. Suppose -k*b + 22*b - 700 = 0. What is the highest common factor of b and 80?
20
Let i(o) = -6*o**2 + 8*o - 26. Let z be i(4). Let c = z + 88. Let j be 2 - (2 + c + -19). Calculate the highest common factor of j and 63.
21
Let d(o) = 2*o + 42. Let r = -22 + 5. Let s be d(r). Suppose 2*x - 2*v - 21 = 25, 0 = v + 3. Calculate the highest common divisor of s and x.
4
Let d(x) = -19*x + 141. Let q = 529 - 523. Let i be d(q). What is the greatest common divisor of 144 and i?
9
Let x(l) = 52*l + 1400. Let m be x(11). Calculate the highest common divisor of 68 and m.
68
Let d(p) = 232*p**2 - 84*p + 170. Let u be d(5). What is the greatest common factor of u and 50?
50
Suppose 0*x = -x - f + 61, 3*f = -15. Let r = 422 + -92. What is the greatest common factor of x and r?
66
Suppose 3*x + 6 = 6*x. Suppose -40 = -10*c + x*c. Let m be (-4 + c)*-1 - -85. Calculate the greatest common factor of m and 112.
28
Let r(q) = 4*q - 15. Let a = -66 - -66. Let s be r(a). Let b(k) = 2*k + 38. Let z be b(s). What is the greatest common divisor of z and 64?
8
Let k be (17/(-2))/((-1)/2). Let m be (-23)/(-23)*(-2)/1 + 3. Let n = k + m. Calculate the greatest common factor of 90 and n.
18
Let m = 75 + -75. Suppose 3*f - 179 = -m*g + 5*g, g = f - 61. Calculate the greatest common factor of f and 9.
9
Let u = -5943 - -6007. Let n = -18 - -26. What is the greatest common factor of n and u?
8
Let o(j) = 36*j**2 + 2*j - 2. Let i be o(-1). Let y be i + -1 - (6 - -3)/3. What is the highest common factor of 4 and y?
4
Let w be (-84 - 0)*3128/(-2346). Let f(r) = -8*r**3 - r**2 - r - 1. Let g be f(-1). Calculate the highest common divisor of w and g.
7
Let s(t) = 3*t - 35. Let r be s(14). Suppose 5*n + r = 22. Suppose -j + 8 = -n. What is the greatest common divisor of 11 and j?
11
Let d be 653 + 28 - 15/(-1). What is the highest common divisor of 600 and d?
24
Let q(n) = n**3 - 15*n**2 - 12*n - 35. Let b be q(16). Suppose 3*t = -4*v + 806, 5*v - 2*t = -710 + 1729. What is the highest common factor of b and v?
29
Let m = 1188 - 1066. Calculate the greatest common divisor of m and 2318.
122
Let l(k) = -k**3 - 21*k**2 - 94*k + 76. Let b be l(-14). What is the greatest common factor of 3860 and b?
20
Suppose 5*a - 24756 = -3*z, 10*z = 12*z - 22*a - 16352. Calculate the greatest common factor of z and 104.
26
Suppose -2*b = 5*w - 19943, 3*b = -2*w + 7789 + 175. What is the greatest common divisor of w and 156?
13
Let d = 63 + 3. Suppose -2*k - 3*p = -702, -72*k - 1129 = -75*k + 5*p. What is the greatest common divisor of k and d?
33
Suppose 8*s - 340 = 3*s. Let t be (-4 - -8) + (-15 - -14). Suppose -5*a - f + 4*f + 267 = 0, -a + t*f = -63. Calculate the highest common divisor of s and a.
17
Let u(y) = y**2 - 53*y - 474. Let j be u(62). Calculate the greatest common divisor of 1036 and j.
28
Let m = -8 + 20. Suppose -14 = -2*g - 3*y, 3*g - 2*y - 5 = 3. Suppose 0 = -g*v - 38 + 86. What is the greatest common factor of v and m?
12
Let g be (2 - 5/2)/((-49)/489020). What is the highest common divisor of 10 and g?
10
Let a = 42 - 29. Let h = 21 - a. Suppose 5 + 154 - 39 = 10*f. What is the highest common factor of h and f?
4
Suppose -4*w + 55 = -25. Suppose w = -4*a - 2*d, -4*a - 5*d = 24 + 8. Let x be a*((-262)/11 - 24/132). What is the highest common factor of x and 180?
36
Let g = 455 - 303. Let r = 162 - g. What is the greatest common factor of r and 55?
5
Suppose 0 = -4*i + 40 - 4. Let n be i/(9/(-4)) + 27. Calculate the highest common factor of 253 and n.
23
Let n = -1769 - -4265. What is the highest common factor of 39 and n?
39
Let n(m) = m**3 + 3*m**2 - 4. Let r be n(2). Suppose 3*f - r - 26 = 0. Calculate the greatest common factor of 56 and f.
14
Let n(t) = 28*t + 63. Suppose l - 3*i = 0, 9*i = -3*l + 4*i + 14. Let v be n(l). Calculate the greatest common factor of v and 42.
21
Let a be 18*(-6)/72 + 235/2. Suppose -42 = -2*z + 538. Calculate the highest common factor of a and z.
58
Suppose 90*a - 779152 = 865887 + 160091. Calculate the greatest common divisor of 31 and a.
31
Suppose -4 = p - 7. Suppose 3*d + 304 = p*r + 5*d, -r - d + 103 = 0. What is the highest common divisor of r and 70?
14
Suppose -2*y + 13 = -5*g, 0*y = y + 3*g - 1. Suppose y - 24 = -5*l. Let z be (19/2 - l)*8. Calculate the greatest common divisor of 66 and z.
22
Let i be 1548/(32*(-17)/(-408)). What is the greatest common divisor of 54 and i?
27
Let w = -23 + 44. Suppose -15 - w = -4*u. Calculate the highest common divisor of 9 and u.
9
Suppose 4*w - 75*n = -77*n + 1666, -3*w = -5*n - 1269. Calculate the greatest common divisor of 297 and w.
11
Suppose -4*h - d = -3, 4*h + h + 2*d = 0. Suppose -h*v + 38 = -18. What is the highest common factor of v and 126?
14
Suppose 3*n = -0*t - 3*t + 135, -n = 5*t - 213. Let d be 1106/t - (-1 + 1/3). What is the highest common factor of 3 and d?
3
Let u(c) = -12*c + 105. Let t be u(39). Let a = -315 - t. Calculate the greatest common divisor of a and 84.
12
Let n(q) = -q**3 - 23*q**2 - 60*q + 4. Let i be n(-20). Suppose 7 = -2*f - 2*y + 7*y, 3*f = i*y. Calculate the greatest common factor of f and 64.
4
Suppose -5*j - 35 = -115. Let b be 90368/2118*(14/4 - 2). What is the greatest common factor of b and j?
16
Let c(h) = 16*h - 80. Let f be c(5). Let o be -5 + (304 - f/(-5)). What is the highest common divisor of 23 and o?
23
Let y = 91 - 90. Let x(i) = -108*i**2 + 53*i**2 + 3*i + 63*i**2 + y. Let w be x(-1). What is the greatest common factor of w and 24?
6
Let m = 263 - 177. Suppose 0 = -m*b + 94*b - 2992. Calculate the highest common factor of 44 and b.
22
Sup